{"id":283,"date":"2024-09-26T11:43:18","date_gmt":"2024-09-26T14:43:18","guid":{"rendered":"https:\/\/coneccta.superclinicas.com.br\/servicos-copy\/"},"modified":"2026-01-13T14:01:39","modified_gmt":"2026-01-13T17:01:39","slug":"contato","status":"publish","type":"page","link":"https:\/\/www.coneccta.com.br\/?page_id=283","title":{"rendered":"Contato"},"content":{"rendered":"\t\t<div data-elementor-type=\"wp-page\" data-elementor-id=\"283\" class=\"elementor elementor-283\" data-elementor-post-type=\"page\">\n\t\t\t\t\t\t<section class=\"elementor-section elementor-top-section elementor-element elementor-element-3fe1b4f elementor-section-boxed elementor-section-height-default elementor-section-height-default\" data-id=\"3fe1b4f\" data-element_type=\"section\" data-e-type=\"section\">\n\t\t\t\t\t\t<div class=\"elementor-container elementor-column-gap-default\">\n\t\t\t\t\t<div class=\"elementor-column elementor-col-50 elementor-top-column elementor-element elementor-element-cadf337\" data-id=\"cadf337\" data-element_type=\"column\" data-e-type=\"column\">\n\t\t\t<div class=\"elementor-widget-wrap elementor-element-populated\">\n\t\t\t\t\t\t<div class=\"elementor-element elementor-element-3ad13be elementor-widget elementor-widget-html\" data-id=\"3ad13be\" data-element_type=\"widget\" data-e-type=\"widget\" data-widget_type=\"html.default\">\n\t\t\t\t<div class=\"elementor-widget-container\">\n\t\t\t\t\t<script type=\"application\/ld+json\">\r\n{\r\n  \"@context\": \"https:\/\/schema.org\",\r\n  \"@graph\": [\r\n    {\r\n      \"@type\": \"Organization\",\r\n      \"@id\": \"https:\/\/www.coneccta.com.br\/?page_id=283#organization\",\r\n      \"name\": \"Coneccta Virtuale Ltda\",\r\n      \"url\": \"https:\/\/www.coneccta.com.br\/\",\r\n      \"logo\": \"https:\/\/www.coneccta.com.br\/wp-content\/uploads\/2024\/09\/Logo-Coneccta_Principal-Sem-Sombra-1024x126.png\",\r\n      \"description\": \"Empresa especializada em servi\u00e7os de backoffice para corretores de seguros, oferecendo suporte operacional completo, atendimento personalizado e solu\u00e7\u00f5es eficientes.\",\r\n      \"telephone\": \"+55 (41) 3013-6968\",\r\n      \"email\": \"coneccta@coneccta.com.br\",\r\n      \"address\": {\r\n        \"@type\": \"PostalAddress\",\r\n        \"streetAddress\": \"R. Cruzeiro do Sul, 473 - Emiliano Perneta\",\r\n        \"addressLocality\": \"Pinhais\",\r\n        \"addressRegion\": \"PR\",\r\n        \"addressCountry\": \"BR\"\r\n      },\r\n      \"sameAs\": [\r\n        \"https:\/\/www.instagram.com\/coneccta_virtuale\",\r\n        \"https:\/\/www.facebook.com\/conecctav\"\r\n      ],\r\n      \"contactPoint\": {\r\n        \"@type\": \"ContactPoint\",\r\n        \"telephone\": \"+55 (41) 3013-6968\",\r\n        \"contactType\": \"Atendimento Comercial\",\r\n        \"email\": \"coneccta@coneccta.com.br\",\r\n        \"availableLanguage\": \"Portuguese\"\r\n      }\r\n    },\r\n    {\r\n      \"@type\": \"ContactPage\",\r\n      \"@id\": \"https:\/\/www.coneccta.com.br\/?page_id=283#contactpage\",\r\n      \"url\": \"https:\/\/www.coneccta.com.br\/?page_id=283\",\r\n      \"name\": \"Contato - Coneccta\",\r\n      \"description\": \"Entre em contato com a Coneccta para obter informa\u00e7\u00f5es sobre servi\u00e7os de backoffice para corretores de seguros, atendimento personalizado e solu\u00e7\u00f5es operacionais.\",\r\n      \"publisher\": {\r\n        \"@id\": \"https:\/\/www.coneccta.com.br\/?page_id=283#organization\"\r\n      }\r\n    },\r\n    {\r\n      \"@type\": \"FAQPage\",\r\n      \"@id\": \"https:\/\/www.coneccta.com.br\/?page_id=283#faq\",\r\n      \"mainEntity\": [\r\n        {\r\n          \"@type\": \"Question\",\r\n          \"name\": \"Quais s\u00e3o os canais de contato da Coneccta?\",\r\n          \"acceptedAnswer\": {\r\n            \"@type\": \"Answer\",\r\n            \"text\": \"Voc\u00ea pode entrar em contato com a Coneccta pelo telefone (41) 3013-6968, pelo e-mail coneccta@coneccta.com.br ou pelo formul\u00e1rio dispon\u00edvel nesta p\u00e1gina.\"\r\n          }\r\n        },\r\n        {\r\n          \"@type\": \"Question\",\r\n          \"name\": \"Onde fica a Coneccta?\",\r\n          \"acceptedAnswer\": {\r\n            \"@type\": \"Answer\",\r\n            \"text\": \"A Coneccta est\u00e1 localizada na Rua Cruzeiro do Sul, 473, bairro Emiliano Perneta, em Pinhais, no Paran\u00e1.\"\r\n          }\r\n        },\r\n        {\r\n          \"@type\": \"Question\",\r\n          \"name\": \"A Coneccta atende corretores de seguros de outras cidades?\",\r\n          \"acceptedAnswer\": {\r\n            \"@type\": \"Answer\",\r\n            \"text\": \"Sim, a Coneccta atende corretores de seguros de todo o Brasil por meio de solu\u00e7\u00f5es digitais e atendimento remoto.\"\r\n          }\r\n        },\r\n        {\r\n          \"@type\": \"Question\",\r\n          \"name\": \"Posso solicitar uma proposta pelos canais de contato?\",\r\n          \"acceptedAnswer\": {\r\n            \"@type\": \"Answer\",\r\n            \"text\": \"Sim, ao entrar em contato \u00e9 poss\u00edvel solicitar informa\u00e7\u00f5es detalhadas e uma proposta personalizada dos servi\u00e7os da Coneccta.\"\r\n          }\r\n        },\r\n        {\r\n          \"@type\": \"Question\",\r\n          \"name\": \"Qual \u00e9 o hor\u00e1rio de atendimento da Coneccta?\",\r\n          \"acceptedAnswer\": {\r\n            \"@type\": \"Answer\",\r\n            \"text\": \"O atendimento da Coneccta ocorre em hor\u00e1rio comercial, com retorno \u00e1gil \u00e0s solicita\u00e7\u00f5es recebidas.\"\r\n          }\r\n        }\r\n      ]\r\n    }\r\n  ]\r\n}\r\n<\/script>\r\n\t\t\t\t<\/div>\n\t\t\t\t<\/div>\n\t\t\t\t<div class=\"elementor-element elementor-element-57f610c elementor-widget elementor-widget-heading\" data-id=\"57f610c\" data-element_type=\"widget\" data-e-type=\"widget\" data-widget_type=\"heading.default\">\n\t\t\t\t<div class=\"elementor-widget-container\">\n\t\t\t\t\t<h2 class=\"elementor-heading-title elementor-size-default\">Formul\u00e1rio de <font color=\"#F79E43\"><strong><b>Contato<\/b><\/strong><\/font><\/h2>\t\t\t\t<\/div>\n\t\t\t\t<\/div>\n\t\t\t\t<div class=\"elementor-element elementor-element-10e97d8 elementor-button-align-stretch elementor-widget elementor-widget-form\" data-id=\"10e97d8\" data-element_type=\"widget\" data-e-type=\"widget\" data-settings=\"{&quot;step_next_label&quot;:&quot;Pr\\u00f3ximo&quot;,&quot;step_previous_label&quot;:&quot;Anterior&quot;,&quot;button_width&quot;:&quot;100&quot;,&quot;step_type&quot;:&quot;number_text&quot;,&quot;step_icon_shape&quot;:&quot;circle&quot;}\" data-widget_type=\"form.default\">\n\t\t\t\t<div class=\"elementor-widget-container\">\n\t\t\t\t\t\t\t<form class=\"elementor-form\" method=\"post\" name=\"Formul\u00e1rio de Contato\" aria-label=\"Formul\u00e1rio de Contato\">\n\t\t\t<input type=\"hidden\" name=\"post_id\" value=\"283\"\/>\n\t\t\t<input type=\"hidden\" name=\"form_id\" value=\"10e97d8\"\/>\n\t\t\t<input type=\"hidden\" name=\"referer_title\" value=\"Contato - Especialista em Opera\u00e7\u00f5es de Seguros\" \/>\n\n\t\t\t\t\t\t\t<input type=\"hidden\" name=\"queried_id\" value=\"283\"\/>\n\t\t\t\n\t\t\t<div class=\"elementor-form-fields-wrapper elementor-labels-above\">\n\t\t\t\t\t\t\t\t<div class=\"elementor-field-type-text elementor-field-group elementor-column elementor-field-group-name elementor-col-100 elementor-field-required\">\n\t\t\t\t\t\t\t\t\t\t\t\t<label for=\"form-field-name\" class=\"elementor-field-label\">\n\t\t\t\t\t\t\t\tNome\t\t\t\t\t\t\t<\/label>\n\t\t\t\t\t\t\t\t\t\t\t\t\t\t<input size=\"1\" type=\"text\" name=\"form_fields[name]\" id=\"form-field-name\" class=\"elementor-field elementor-size-md  elementor-field-textual\" placeholder=\"Nome\" required=\"required\">\n\t\t\t\t\t\t\t\t\t\t\t<\/div>\n\t\t\t\t\t\t\t\t<div class=\"elementor-field-type-maskphone_with_ddd elementor-field-group elementor-column elementor-field-group-field_671b7a6 elementor-col-50 elementor-field-required\">\n\t\t\t\t\t\t\t\t\t\t\t\t<label for=\"form-field-field_671b7a6\" class=\"elementor-field-label\">\n\t\t\t\t\t\t\t\tTelefone\t\t\t\t\t\t\t<\/label>\n\t\t\t\t\t\t<input size=\"1\" type=\"tel\" name=\"form_fields[field_671b7a6]\" id=\"form-field-field_671b7a6\" class=\"elementor-field elementor-size-md  elementor-field-textual phone_with_ddd\" required=\"required\" placeholder=\"Telefone\">\t\t\t\t<\/div>\n\t\t\t\t\t\t\t\t<div class=\"elementor-field-type-email elementor-field-group elementor-column elementor-field-group-email elementor-col-50 elementor-field-required\">\n\t\t\t\t\t\t\t\t\t\t\t\t<label for=\"form-field-email\" class=\"elementor-field-label\">\n\t\t\t\t\t\t\t\tE-mail\t\t\t\t\t\t\t<\/label>\n\t\t\t\t\t\t\t\t\t\t\t\t\t\t<input size=\"1\" type=\"email\" name=\"form_fields[email]\" id=\"form-field-email\" class=\"elementor-field elementor-size-md  elementor-field-textual\" placeholder=\"E-mail\" required=\"required\">\n\t\t\t\t\t\t\t\t\t\t\t<\/div>\n\t\t\t\t\t\t\t\t<div class=\"elementor-field-type-textarea elementor-field-group elementor-column elementor-field-group-message elementor-col-100 elementor-field-required\">\n\t\t\t\t\t\t\t\t\t\t\t\t<label for=\"form-field-message\" class=\"elementor-field-label\">\n\t\t\t\t\t\t\t\tMensagem\t\t\t\t\t\t\t<\/label>\n\t\t\t\t\t\t<textarea class=\"elementor-field-textual elementor-field  elementor-size-md\" name=\"form_fields[message]\" id=\"form-field-message\" rows=\"4\" placeholder=\"Mensagem\" required=\"required\"><\/textarea>\t\t\t\t<\/div>\n\t\t\t\t\t\t\t\t<div class=\"elementor-field-group elementor-column elementor-field-type-submit elementor-col-100 e-form__buttons\">\n\t\t\t\t\t<button class=\"elementor-button elementor-size-md\" type=\"submit\">\n\t\t\t\t\t\t<span class=\"elementor-button-content-wrapper\">\n\t\t\t\t\t\t\t\t\t\t\t\t\t\t\t\t\t\t\t\t\t\t<span class=\"elementor-button-text\">Enviar Mensagem<\/span>\n\t\t\t\t\t\t\t\t\t\t\t\t\t<\/span>\n\t\t\t\t\t<\/button>\n\t\t\t\t<\/div>\n\t\t\t<\/div>\n\t\t<\/form>\n\t\t\t\t\t\t<\/div>\n\t\t\t\t<\/div>\n\t\t\t\t\t<\/div>\n\t\t<\/div>\n\t\t\t\t<div class=\"elementor-column elementor-col-50 elementor-top-column elementor-element elementor-element-f546048\" data-id=\"f546048\" data-element_type=\"column\" data-e-type=\"column\">\n\t\t\t<div class=\"elementor-widget-wrap elementor-element-populated\">\n\t\t\t\t\t\t<div class=\"elementor-element elementor-element-ca49d35 elementor-widget elementor-widget-google_maps\" data-id=\"ca49d35\" data-element_type=\"widget\" data-e-type=\"widget\" data-widget_type=\"google_maps.default\">\n\t\t\t\t<div class=\"elementor-widget-container\">\n\t\t\t\t\t\t\t<div class=\"elementor-custom-embed\">\n\t\t\t<iframe loading=\"lazy\"\n\t\t\t\t\tsrc=\"https:\/\/maps.google.com\/maps?q=Coneccta%20Virtuale%2C%20R.%20Cruzeiro%20do%20Sul%2C%20473%20-%20Emiliano%20Perneta%2C%20Pinhais%20-%20PR%2C%2083324-423&#038;t=m&#038;z=15&#038;output=embed&#038;iwloc=near\"\n\t\t\t\t\ttitle=\"Coneccta Virtuale, R. Cruzeiro do Sul, 473 - Emiliano Perneta, Pinhais - PR, 83324-423\"\n\t\t\t\t\taria-label=\"Coneccta Virtuale, R. Cruzeiro do Sul, 473 - Emiliano Perneta, Pinhais - PR, 83324-423\"\n\t\t\t><\/iframe>\n\t\t<\/div>\n\t\t\t\t\t\t<\/div>\n\t\t\t\t<\/div>\n\t\t\t\t\t<\/div>\n\t\t<\/div>\n\t\t\t\t\t<\/div>\n\t\t<\/section>\n\t\t\t\t<section class=\"elementor-section elementor-top-section elementor-element elementor-element-39f37f2 elementor-section-boxed elementor-section-height-default elementor-section-height-default\" data-id=\"39f37f2\" data-element_type=\"section\" data-e-type=\"section\">\n\t\t\t\t\t\t<div class=\"elementor-container elementor-column-gap-default\">\n\t\t\t\t\t<div class=\"elementor-column elementor-col-100 elementor-top-column elementor-element elementor-element-c810f1f\" data-id=\"c810f1f\" data-element_type=\"column\" data-e-type=\"column\">\n\t\t\t<div class=\"elementor-widget-wrap elementor-element-populated\">\n\t\t\t\t\t\t<div class=\"elementor-element elementor-element-13fded7 elementor-widget elementor-widget-image\" data-id=\"13fded7\" data-element_type=\"widget\" data-e-type=\"widget\" data-widget_type=\"image.default\">\n\t\t\t\t<div class=\"elementor-widget-container\">\n\t\t\t\t\t\t\t\t\t\t\t\t\t\t\t<img fetchpriority=\"high\" decoding=\"async\" width=\"800\" height=\"98\" src=\"https:\/\/www.coneccta.com.br\/wp-content\/uploads\/2024\/09\/Logo-Coneccta_Principal-Sem-Sombra-1024x126.png\" class=\"attachment-large size-large wp-image-220\" alt=\"\" srcset=\"https:\/\/www.coneccta.com.br\/wp-content\/uploads\/2024\/09\/Logo-Coneccta_Principal-Sem-Sombra-1024x126.png 1024w, https:\/\/www.coneccta.com.br\/wp-content\/uploads\/2024\/09\/Logo-Coneccta_Principal-Sem-Sombra-300x37.png 300w, https:\/\/www.coneccta.com.br\/wp-content\/uploads\/2024\/09\/Logo-Coneccta_Principal-Sem-Sombra-768x95.png 768w, https:\/\/www.coneccta.com.br\/wp-content\/uploads\/2024\/09\/Logo-Coneccta_Principal-Sem-Sombra-1536x189.png 1536w, https:\/\/www.coneccta.com.br\/wp-content\/uploads\/2024\/09\/Logo-Coneccta_Principal-Sem-Sombra-2048x253.png 2048w\" sizes=\"(max-width: 800px) 100vw, 800px\" \/>\t\t\t\t\t\t\t\t\t\t\t\t\t\t\t<\/div>\n\t\t\t\t<\/div>\n\t\t\t\t<div class=\"elementor-element elementor-element-08e98cb elementor-align-center elementor-icon-list--layout-traditional elementor-list-item-link-full_width elementor-widget elementor-widget-icon-list\" data-id=\"08e98cb\" data-element_type=\"widget\" data-e-type=\"widget\" data-widget_type=\"icon-list.default\">\n\t\t\t\t<div class=\"elementor-widget-container\">\n\t\t\t\t\t\t\t<ul class=\"elementor-icon-list-items\">\n\t\t\t\t\t\t\t<li class=\"elementor-icon-list-item\">\n\t\t\t\t\t\t\t\t\t\t\t<a href=\"tel:04130136968\" target=\"_blank\">\n\n\t\t\t\t\t\t\t\t\t\t\t\t<span class=\"elementor-icon-list-icon\">\n\t\t\t\t\t\t\t<svg aria-hidden=\"true\" class=\"e-font-icon-svg e-fas-phone-alt\" viewBox=\"0 0 512 512\" xmlns=\"http:\/\/www.w3.org\/2000\/svg\"><path d=\"M497.39 361.8l-112-48a24 24 0 0 0-28 6.9l-49.6 60.6A370.66 370.66 0 0 1 130.6 204.11l60.6-49.6a23.94 23.94 0 0 0 6.9-28l-48-112A24.16 24.16 0 0 0 122.6.61l-104 24A24 24 0 0 0 0 48c0 256.5 207.9 464 464 464a24 24 0 0 0 23.4-18.6l24-104a24.29 24.29 0 0 0-14.01-27.6z\"><\/path><\/svg>\t\t\t\t\t\t<\/span>\n\t\t\t\t\t\t\t\t\t\t<span class=\"elementor-icon-list-text\">41 3013-6968<\/span>\n\t\t\t\t\t\t\t\t\t\t\t<\/a>\n\t\t\t\t\t\t\t\t\t<\/li>\n\t\t\t\t\t\t\t\t<li class=\"elementor-icon-list-item\">\n\t\t\t\t\t\t\t\t\t\t\t<a href=\"https:\/\/www.google.com\/maps\/place\/Coneccta+Virtuale\/@-25.424369,-49.187629,15z\/data=!4m6!3m5!1s0x94dce5b4cc14ba8d:0x30c7a083debafa01!8m2!3d-25.424369!4d-49.187629!16s%2Fg%2F1pty34sn4?entry=ttu&#038;g_ep=EgoyMDI0MDkyMi4wIKXMDSoASAFQAw%3D%3D\" target=\"_blank\">\n\n\t\t\t\t\t\t\t\t\t\t\t\t<span class=\"elementor-icon-list-icon\">\n\t\t\t\t\t\t\t<svg aria-hidden=\"true\" class=\"e-font-icon-svg e-fas-map-marker-alt\" viewBox=\"0 0 384 512\" xmlns=\"http:\/\/www.w3.org\/2000\/svg\"><path d=\"M172.268 501.67C26.97 291.031 0 269.413 0 192 0 85.961 85.961 0 192 0s192 85.961 192 192c0 77.413-26.97 99.031-172.268 309.67-9.535 13.774-29.93 13.773-39.464 0zM192 272c44.183 0 80-35.817 80-80s-35.817-80-80-80-80 35.817-80 80 35.817 80 80 80z\"><\/path><\/svg>\t\t\t\t\t\t<\/span>\n\t\t\t\t\t\t\t\t\t\t<span class=\"elementor-icon-list-text\">R. Cruzeiro do Sul, 473 - Emiliano Perneta, Pinhais - PR<\/span>\n\t\t\t\t\t\t\t\t\t\t\t<\/a>\n\t\t\t\t\t\t\t\t\t<\/li>\n\t\t\t\t\t\t\t\t<li class=\"elementor-icon-list-item\">\n\t\t\t\t\t\t\t\t\t\t\t<a href=\"https:\/\/www.instagram.com\/coneccta_virtuale\" target=\"_blank\">\n\n\t\t\t\t\t\t\t\t\t\t\t\t<span class=\"elementor-icon-list-icon\">\n\t\t\t\t\t\t\t<svg aria-hidden=\"true\" class=\"e-font-icon-svg e-fab-instagram\" viewBox=\"0 0 448 512\" xmlns=\"http:\/\/www.w3.org\/2000\/svg\"><path d=\"M224.1 141c-63.6 0-114.9 51.3-114.9 114.9s51.3 114.9 114.9 114.9S339 319.5 339 255.9 287.7 141 224.1 141zm0 189.6c-41.1 0-74.7-33.5-74.7-74.7s33.5-74.7 74.7-74.7 74.7 33.5 74.7 74.7-33.6 74.7-74.7 74.7zm146.4-194.3c0 14.9-12 26.8-26.8 26.8-14.9 0-26.8-12-26.8-26.8s12-26.8 26.8-26.8 26.8 12 26.8 26.8zm76.1 27.2c-1.7-35.9-9.9-67.7-36.2-93.9-26.2-26.2-58-34.4-93.9-36.2-37-2.1-147.9-2.1-184.9 0-35.8 1.7-67.6 9.9-93.9 36.1s-34.4 58-36.2 93.9c-2.1 37-2.1 147.9 0 184.9 1.7 35.9 9.9 67.7 36.2 93.9s58 34.4 93.9 36.2c37 2.1 147.9 2.1 184.9 0 35.9-1.7 67.7-9.9 93.9-36.2 26.2-26.2 34.4-58 36.2-93.9 2.1-37 2.1-147.8 0-184.8zM398.8 388c-7.8 19.6-22.9 34.7-42.6 42.6-29.5 11.7-99.5 9-132.1 9s-102.7 2.6-132.1-9c-19.6-7.8-34.7-22.9-42.6-42.6-11.7-29.5-9-99.5-9-132.1s-2.6-102.7 9-132.1c7.8-19.6 22.9-34.7 42.6-42.6 29.5-11.7 99.5-9 132.1-9s102.7-2.6 132.1 9c19.6 7.8 34.7 22.9 42.6 42.6 11.7 29.5 9 99.5 9 132.1s2.7 102.7-9 132.1z\"><\/path><\/svg>\t\t\t\t\t\t<\/span>\n\t\t\t\t\t\t\t\t\t\t<span class=\"elementor-icon-list-text\">@coneccta_virtuale<\/span>\n\t\t\t\t\t\t\t\t\t\t\t<\/a>\n\t\t\t\t\t\t\t\t\t<\/li>\n\t\t\t\t\t\t\t\t<li class=\"elementor-icon-list-item\">\n\t\t\t\t\t\t\t\t\t\t\t<a href=\"https:\/\/www.facebook.com\/conecctav\" target=\"_blank\">\n\n\t\t\t\t\t\t\t\t\t\t\t\t<span class=\"elementor-icon-list-icon\">\n\t\t\t\t\t\t\t<svg aria-hidden=\"true\" class=\"e-font-icon-svg e-fab-facebook-f\" viewBox=\"0 0 320 512\" xmlns=\"http:\/\/www.w3.org\/2000\/svg\"><path d=\"M279.14 288l14.22-92.66h-88.91v-60.13c0-25.35 12.42-50.06 52.24-50.06h40.42V6.26S260.43 0 225.36 0c-73.22 0-121.08 44.38-121.08 124.72v70.62H22.89V288h81.39v224h100.17V288z\"><\/path><\/svg>\t\t\t\t\t\t<\/span>\n\t\t\t\t\t\t\t\t\t\t<span class=\"elementor-icon-list-text\">Coneccta Virtuale<\/span>\n\t\t\t\t\t\t\t\t\t\t\t<\/a>\n\t\t\t\t\t\t\t\t\t<\/li>\n\t\t\t\t\t\t\t\t<li class=\"elementor-icon-list-item\">\n\t\t\t\t\t\t\t\t\t\t\t<a href=\"mailto:coneccta@coneccta.com.br\" target=\"_blank\">\n\n\t\t\t\t\t\t\t\t\t\t\t\t<span class=\"elementor-icon-list-icon\">\n\t\t\t\t\t\t\t<svg aria-hidden=\"true\" class=\"e-font-icon-svg e-far-envelope\" viewBox=\"0 0 512 512\" xmlns=\"http:\/\/www.w3.org\/2000\/svg\"><path d=\"M464 64H48C21.49 64 0 85.49 0 112v288c0 26.51 21.49 48 48 48h416c26.51 0 48-21.49 48-48V112c0-26.51-21.49-48-48-48zm0 48v40.805c-22.422 18.259-58.168 46.651-134.587 106.49-16.841 13.247-50.201 45.072-73.413 44.701-23.208.375-56.579-31.459-73.413-44.701C106.18 199.465 70.425 171.067 48 152.805V112h416zM48 400V214.398c22.914 18.251 55.409 43.862 104.938 82.646 21.857 17.205 60.134 55.186 103.062 54.955 42.717.231 80.509-37.199 103.053-54.947 49.528-38.783 82.032-64.401 104.947-82.653V400H48z\"><\/path><\/svg>\t\t\t\t\t\t<\/span>\n\t\t\t\t\t\t\t\t\t\t<span class=\"elementor-icon-list-text\">coneccta@coneccta.com.br<\/span>\n\t\t\t\t\t\t\t\t\t\t\t<\/a>\n\t\t\t\t\t\t\t\t\t<\/li>\n\t\t\t\t\t\t<\/ul>\n\t\t\t\t\t\t<\/div>\n\t\t\t\t<\/div>\n\t\t\t\t<div class=\"elementor-element elementor-element-54bd5b8 elementor-widget elementor-widget-text-editor\" data-id=\"54bd5b8\" data-element_type=\"widget\" data-e-type=\"widget\" data-widget_type=\"text-editor.default\">\n\t\t\t\t<div class=\"elementor-widget-container\">\n\t\t\t\t\t\t\t\t\tCONECCTA VIRTUALE LTDA &#8211; CNPJ: 04.590.705\/0001-67\t\t\t\t\t\t\t\t<\/div>\n\t\t\t\t<\/div>\n\t\t\t\t\t<\/div>\n\t\t<\/div>\n\t\t\t\t\t<\/div>\n\t\t<\/section>\n\t\t\t\t<\/div>\n\t\t","protected":false},"excerpt":{"rendered":"<p>Formul\u00e1rio de Contato 41 3013-6968 R. Cruzeiro do Sul, 473 &#8211; Emiliano Perneta, Pinhais &#8211; PR @coneccta_virtuale Coneccta Virtuale coneccta@coneccta.com.br CONECCTA VIRTUALE LTDA &#8211; CNPJ: 04.590.705\/0001-67<\/p>\n","protected":false},"author":1,"featured_media":0,"parent":0,"menu_order":0,"comment_status":"closed","ping_status":"closed","template":"","meta":{"footnotes":""},"class_list":["post-283","page","type-page","status-publish","hentry"],"yoast_head":"<!-- This site is optimized with the Yoast SEO plugin v27.3 - https:\/\/yoast.com\/product\/yoast-seo-wordpress\/ -->\n<title>Contato - Especialista em Opera\u00e7\u00f5es de Seguros<\/title>\n<meta name=\"robots\" content=\"index, follow, max-snippet:-1, max-image-preview:large, max-video-preview:-1\" \/>\n<link rel=\"canonical\" href=\"https:\/\/www.coneccta.com.br\/?page_id=283\" \/>\n<meta property=\"og:locale\" content=\"pt_BR\" \/>\n<meta property=\"og:type\" content=\"article\" \/>\n<meta property=\"og:title\" content=\"Contato - Especialista em Opera\u00e7\u00f5es de Seguros\" \/>\n<meta property=\"og:description\" content=\"Formul\u00e1rio de Contato 41 3013-6968 R. Cruzeiro do Sul, 473 &#8211; Emiliano Perneta, Pinhais &#8211; PR @coneccta_virtuale Coneccta Virtuale coneccta@coneccta.com.br CONECCTA VIRTUALE LTDA &#8211; CNPJ: 04.590.705\/0001-67\" \/>\n<meta property=\"og:url\" content=\"https:\/\/www.coneccta.com.br\/?page_id=283\" \/>\n<meta property=\"og:site_name\" content=\"Especialista em Opera\u00e7\u00f5es de Seguros\" \/>\n<meta property=\"article:modified_time\" content=\"2026-01-13T17:01:39+00:00\" \/>\n<meta property=\"og:image\" content=\"https:\/\/www.coneccta.com.br\/wp-content\/uploads\/2024\/09\/Logo-Coneccta_Principal-Sem-Sombra-1024x126.png\" \/>\n<meta name=\"twitter:card\" content=\"summary_large_image\" \/>\n<meta name=\"twitter:label1\" content=\"Est. tempo de leitura\" \/>\n\t<meta name=\"twitter:data1\" content=\"1 minuto\" \/>\n<script type=\"application\/ld+json\" class=\"yoast-schema-graph\">{\"@context\":\"https:\\\/\\\/schema.org\",\"@graph\":[{\"@type\":\"WebPage\",\"@id\":\"https:\\\/\\\/www.coneccta.com.br\\\/?page_id=283\",\"url\":\"https:\\\/\\\/www.coneccta.com.br\\\/?page_id=283\",\"name\":\"Contato - Especialista em Opera\u00e7\u00f5es de Seguros\",\"isPartOf\":{\"@id\":\"https:\\\/\\\/www.coneccta.com.br\\\/#website\"},\"primaryImageOfPage\":{\"@id\":\"https:\\\/\\\/www.coneccta.com.br\\\/?page_id=283#primaryimage\"},\"image\":{\"@id\":\"https:\\\/\\\/www.coneccta.com.br\\\/?page_id=283#primaryimage\"},\"thumbnailUrl\":\"https:\\\/\\\/www.coneccta.com.br\\\/wp-content\\\/uploads\\\/2024\\\/09\\\/Logo-Coneccta_Principal-Sem-Sombra-1024x126.png\",\"datePublished\":\"2024-09-26T14:43:18+00:00\",\"dateModified\":\"2026-01-13T17:01:39+00:00\",\"breadcrumb\":{\"@id\":\"https:\\\/\\\/www.coneccta.com.br\\\/?page_id=283#breadcrumb\"},\"inLanguage\":\"pt-BR\",\"potentialAction\":[{\"@type\":\"ReadAction\",\"target\":[\"https:\\\/\\\/www.coneccta.com.br\\\/?page_id=283\"]}]},{\"@type\":\"ImageObject\",\"inLanguage\":\"pt-BR\",\"@id\":\"https:\\\/\\\/www.coneccta.com.br\\\/?page_id=283#primaryimage\",\"url\":\"https:\\\/\\\/www.coneccta.com.br\\\/wp-content\\\/uploads\\\/2024\\\/09\\\/Logo-Coneccta_Principal-Sem-Sombra.png\",\"contentUrl\":\"https:\\\/\\\/www.coneccta.com.br\\\/wp-content\\\/uploads\\\/2024\\\/09\\\/Logo-Coneccta_Principal-Sem-Sombra.png\",\"width\":2375,\"height\":293},{\"@type\":\"BreadcrumbList\",\"@id\":\"https:\\\/\\\/www.coneccta.com.br\\\/?page_id=283#breadcrumb\",\"itemListElement\":[{\"@type\":\"ListItem\",\"position\":1,\"name\":\"In\u00edcio\",\"item\":\"https:\\\/\\\/www.coneccta.com.br\\\/\"},{\"@type\":\"ListItem\",\"position\":2,\"name\":\"Contato\"}]},{\"@type\":\"WebSite\",\"@id\":\"https:\\\/\\\/www.coneccta.com.br\\\/#website\",\"url\":\"https:\\\/\\\/www.coneccta.com.br\\\/\",\"name\":\"Especialista em Opera\u00e7\u00f5es de Seguros\",\"description\":\"coneccta.com.br\",\"potentialAction\":[{\"@type\":\"SearchAction\",\"target\":{\"@type\":\"EntryPoint\",\"urlTemplate\":\"https:\\\/\\\/www.coneccta.com.br\\\/?s={search_term_string}\"},\"query-input\":{\"@type\":\"PropertyValueSpecification\",\"valueRequired\":true,\"valueName\":\"search_term_string\"}}],\"inLanguage\":\"pt-BR\"}]}<\/script>\n<!-- \/ Yoast SEO plugin. -->","yoast_head_json":{"title":"Contato - Especialista em Opera\u00e7\u00f5es de Seguros","robots":{"index":"index","follow":"follow","max-snippet":"max-snippet:-1","max-image-preview":"max-image-preview:large","max-video-preview":"max-video-preview:-1"},"canonical":"https:\/\/www.coneccta.com.br\/?page_id=283","og_locale":"pt_BR","og_type":"article","og_title":"Contato - Especialista em Opera\u00e7\u00f5es de Seguros","og_description":"Formul\u00e1rio de Contato 41 3013-6968 R. Cruzeiro do Sul, 473 &#8211; Emiliano Perneta, Pinhais &#8211; PR @coneccta_virtuale Coneccta Virtuale coneccta@coneccta.com.br CONECCTA VIRTUALE LTDA &#8211; CNPJ: 04.590.705\/0001-67","og_url":"https:\/\/www.coneccta.com.br\/?page_id=283","og_site_name":"Especialista em Opera\u00e7\u00f5es de Seguros","article_modified_time":"2026-01-13T17:01:39+00:00","og_image":[{"url":"https:\/\/www.coneccta.com.br\/wp-content\/uploads\/2024\/09\/Logo-Coneccta_Principal-Sem-Sombra-1024x126.png","type":"","width":"","height":""}],"twitter_card":"summary_large_image","twitter_misc":{"Est. tempo de leitura":"1 minuto"},"schema":{"@context":"https:\/\/schema.org","@graph":[{"@type":"WebPage","@id":"https:\/\/www.coneccta.com.br\/?page_id=283","url":"https:\/\/www.coneccta.com.br\/?page_id=283","name":"Contato - Especialista em Opera\u00e7\u00f5es de Seguros","isPartOf":{"@id":"https:\/\/www.coneccta.com.br\/#website"},"primaryImageOfPage":{"@id":"https:\/\/www.coneccta.com.br\/?page_id=283#primaryimage"},"image":{"@id":"https:\/\/www.coneccta.com.br\/?page_id=283#primaryimage"},"thumbnailUrl":"https:\/\/www.coneccta.com.br\/wp-content\/uploads\/2024\/09\/Logo-Coneccta_Principal-Sem-Sombra-1024x126.png","datePublished":"2024-09-26T14:43:18+00:00","dateModified":"2026-01-13T17:01:39+00:00","breadcrumb":{"@id":"https:\/\/www.coneccta.com.br\/?page_id=283#breadcrumb"},"inLanguage":"pt-BR","potentialAction":[{"@type":"ReadAction","target":["https:\/\/www.coneccta.com.br\/?page_id=283"]}]},{"@type":"ImageObject","inLanguage":"pt-BR","@id":"https:\/\/www.coneccta.com.br\/?page_id=283#primaryimage","url":"https:\/\/www.coneccta.com.br\/wp-content\/uploads\/2024\/09\/Logo-Coneccta_Principal-Sem-Sombra.png","contentUrl":"https:\/\/www.coneccta.com.br\/wp-content\/uploads\/2024\/09\/Logo-Coneccta_Principal-Sem-Sombra.png","width":2375,"height":293},{"@type":"BreadcrumbList","@id":"https:\/\/www.coneccta.com.br\/?page_id=283#breadcrumb","itemListElement":[{"@type":"ListItem","position":1,"name":"In\u00edcio","item":"https:\/\/www.coneccta.com.br\/"},{"@type":"ListItem","position":2,"name":"Contato"}]},{"@type":"WebSite","@id":"https:\/\/www.coneccta.com.br\/#website","url":"https:\/\/www.coneccta.com.br\/","name":"Especialista em Opera\u00e7\u00f5es de Seguros","description":"coneccta.com.br","potentialAction":[{"@type":"SearchAction","target":{"@type":"EntryPoint","urlTemplate":"https:\/\/www.coneccta.com.br\/?s={search_term_string}"},"query-input":{"@type":"PropertyValueSpecification","valueRequired":true,"valueName":"search_term_string"}}],"inLanguage":"pt-BR"}]}},"_links":{"self":[{"href":"https:\/\/www.coneccta.com.br\/index.php?rest_route=\/wp\/v2\/pages\/283","targetHints":{"allow":["GET"]}}],"collection":[{"href":"https:\/\/www.coneccta.com.br\/index.php?rest_route=\/wp\/v2\/pages"}],"about":[{"href":"https:\/\/www.coneccta.com.br\/index.php?rest_route=\/wp\/v2\/types\/page"}],"author":[{"embeddable":true,"href":"https:\/\/www.coneccta.com.br\/index.php?rest_route=\/wp\/v2\/users\/1"}],"replies":[{"embeddable":true,"href":"https:\/\/www.coneccta.com.br\/index.php?rest_route=%2Fwp%2Fv2%2Fcomments&post=283"}],"version-history":[{"count":55,"href":"https:\/\/www.coneccta.com.br\/index.php?rest_route=\/wp\/v2\/pages\/283\/revisions"}],"predecessor-version":[{"id":552,"href":"https:\/\/www.coneccta.com.br\/index.php?rest_route=\/wp\/v2\/pages\/283\/revisions\/552"}],"wp:attachment":[{"href":"https:\/\/www.coneccta.com.br\/index.php?rest_route=%2Fwp%2Fv2%2Fmedia&parent=283"}],"curies":[{"name":"wp","href":"https:\/\/api.w.org\/{rel}","templated":true}]}}